2*w**2 - 9*w - 3. Let u(r) = r**2 + 8*r + 3. Let x(t) = 3*u(t) + 2*v(t). Give x(8).
-13
Let u(t) = -t**3 + t**2 - 13. Let p(m) = m**2 - 3*m**2 + 4 - 3*m + m**2 + 6*m. Let o be p(4). Suppose -v + o = f + 3, -2*f = v + 6. Calculate u(v).
-13
Suppose 0 = -5*x - 4*o - 6, -2*x + 0*x + o + 8 = 0. Suppose -8 = -x*i - 0. Let q(m) = -m + 0 + 6*m - 7*m + m**2 + 4. Give q(i).
12
Let j(h) be the third derivative of h**5/60 + 7*h**4/24 + 14*h**2 + 2*h. Calculate j(-3).
-12
Let b(d) be the second derivative of 11*d**3/3 - 3*d**2/2 + 268*d. Determine b(2).
41
Suppose -4*z - 423 + 435 = 0. Let m(w) = w - 6. What is m(z)?
-3
Let j = 29 - 25. Let k(a) = -5*a + a + 0*a**2 + 4*a**2 - j - 5*a**2. Give k(-4).
-4
Let h(l) = 3*l**3 + l**2 + 8*l + 14. Let s(j) = 2*j**3 + j**2 + 5*j + 9. Let q(u) = -3*u - 2. Let w be q(1). Let g(i) = w*h(i) + 8*s(i). What is g(-2)?
6
Let z = 293 - 291. Let y(s) = 10*s + 2. What is y(z)?
22
Let d(z) = -4*z**3 + 8*z**2 - 7. Let r(j) = j**3 - j**2 + 1. Suppose 0 = -4*x - 28 + 8. Let i(g) = x*r(g) - d(g). What is i(-2)?
-2
Let d(w) = w**2 - 10*w - 9. Let i = -26 - -35. Calculate d(i).
-18
Let k be (21/(-6) + 3)*4. Let h(a) be the first derivative of -1/3*a**3 + a**2 + 3 + 3*a. What is h(k)?
-5
Let s be 2*-3*-2 + 0 + -4. Let f = s + -20. Let y(t) = t + 13. Give y(f).
1
Let f(s) be the third derivative of -s**6/120 + s**5/30 + 2*s**3/3 - 114*s**2. Determine f(3).
-5
Let i(j) = -j + 5. Suppose z - 4 = 0, 3*r - 3*z = 49 + 20. Suppose -4*x + n = r, 0 = 5*x - n + 4*n + 21. What is i(x)?
11
Let c be (-60)/(-135) - (-4 - 340/(-36)). Let p(t) = 5*t + 3*t**2 + 0*t**2 - 2*t**2 + 4. What is p(c)?
4
Let r(c) = c + 12. Let q = 75 + -77. Let f be 0/(1 - ((-8)/q + -6)). Calculate r(f).
12
Let w(n) be the third derivative of -n**6/120 + n**5/30 + n**3/6 + 17*n**2. Let c = 7 - 5. Determine w(c).
1
Let q(f) = -3*f**3 + 11*f**2 - 6*f - 8. Let p(x) = -10*x**3 + 35*x**2 - 17*x - 25. Let n(r) = -2*p(r) + 7*q(r). Calculate n(5).
4
Let o(h) = 6*h**2 - 1. Suppose 23 = 2*l - 17. Let m = l - 21. Give o(m).
5
Let n(s) = s**2 - 5*s - 3. Suppose 4*f - 2*i = 120, -f + 4*i + 16 = -0*f. Let z = 106 - 132. Let l = z + f. Give n(l).
3
Suppose -3*s + 13 = 5*l, -5*l - 2*s = -2*l - 8. Suppose l*d - 12 = -2*d. Let i be (d - 4)*(-2 - 1). Let z(v) = 2*v**2 - 3*v - 2. What is z(i)?
7
Let g = -291 + 290. Let i(m) = 9*m**3 - m**2 - m. Determine i(g).
-9
Let u(b) = 4*b + 33. Let z be 6/12 - (-33)/(-6). Let c(g) = -2*g - 16. Let k(f) = z*c(f) - 2*u(f). Let h be k(-8). Let w(j) = j**2 + j - 2. What is w(h)?
0
Let s(x) = x**2 + 3*x + 1. Let t(j) = j**3 - 7*j**2 - 18*j - 6. Let m(v) = -6*s(v) - t(v). Calculate m(0).
0
Let c(g) = -g - 4. Let r(k) = 3*k + 37. Let y be r(-12). Let p be (26 + -42)/(1 + y). Give c(p).
4
Let h(x) = 24*x - x**2 - 68*x + 41*x + 6. Give h(-4).
2
Let m be (-3)/(-3) - (14 + -15). Let w(r) = r**3 - r**2 - r + 3. Determine w(m).
5
Let o(u) = -51*u - 69. Let b(l) = 5*l + 7. Let k(t) = -21*b(t) - 2*o(t). Let h be 32/(-6) - 2/9*3. Give k(h).
9
Let s = -122 - -128. Let i(b) be the first derivative of b**2/2 + 2*b + 1. Determine i(s).
8
Let l(j) be the third derivative of 0 + 27*j**2 + 1/20*j**5 + 0*j**4 + 1/120*j**6 + 2/3*j**3 + 0*j. Suppose 3*c + 17 = -4*y, -5 - 1 = 4*c - 3*y. What is l(c)?
4
Let g be (-12)/(-4) + -1 + -2. Suppose 9 = 5*k + 2*r - r, k - 2*r + 7 = g. Let f(m) = 3 - k + 3 - 1 + 2*m. Determine f(-4).
-4
Suppose 0*m + 8 = 4*m. Suppose -5*w + 7*w = 2. Let r(i) = i - 3*i - w + m*i - 8*i. Give r(-1).
7
Let q(k) = -k**2 - k - 1. Let p be 11*(-4)/((-16)/4). Suppose 4 = 3*b - p. Suppose 4*n + g - 6*g = -4, -g = b*n + 5. Calculate q(n).
-1
Let f(w) = 5*w**3 + 11*w**2 - 12*w - 2. Let s(b) = -4*b**3 - 10*b**2 + 11*b + 1. Let r(q) = 5*f(q) + 6*s(q). Let t be r(3). Let i(x) = x - 5. What is i(t)?
-9
Let s(r) = 177*r - 48. Let i(j) = 10*j - 3. Let a(t) = -18*i(t) + s(t). Let v be 6/4*2/1. Let k be (-4)/(-3)*v/1. Determine a(k).
-6
Let k be ((-2)/1)/((-6)/(-15)). Let p(d) = 14*d**2 + 11*d - 3. Let o(t) = -26*t**2 - 21*t + 6. Let r(g) = -6*o(g) - 11*p(g). What is r(k)?
22
Let y(c) = -2 - 298*c - 3*c**3 - 303*c - 295*c + 1195*c - 2*c**2 - 303*c. Calculate y(-2).
22
Suppose -2*a + 0*a + 3*y + 15 = 0, 0 = -a - y. Let k(z) = -2 - 9*z + z + a*z - z**2. Suppose -10*g = -9*g + 3. Give k(g).
4
Let b(u) = 112*u + 107*u - 220*u. Let d(n) = n - 4. Let l be d(3). Give b(l).
1
Let j(a) = -a + 1. Let x be (-8)/4 + -4 - -3. Let i be ((-3)/(x/2))/(12/(-18)). Give j(i).
4
Let c(g) = g**2 - 6*g. Let s be ((14 - 4)*-1)/(4/(-10)). Suppose 5*r + 0 = s. Calculate c(r).
-5
Let o = 562 - 560. Let p(u) be the first derivative of -6*u - o - 4/3*u**3 + 1/4*u**4 + u**2. What is p(4)?
2
Let j(b) = 3*b + 18. Let s be -3 + (0 - -2) - -6. Let w(y) = 7*y + 37. Let g(h) = s*j(h) - 2*w(h). Give g(0).
16
Let s(m) = 18*m + 38. Let j(y) = -8*y - 18. Let q(t) = 13*j(t) + 6*s(t). Calculate q(6).
18
Suppose 2*g = -t - 2 + 6, -5*t = -2*g - 68. Suppose 4*h = -q + t, -3*h + 14 = q + q. Suppose 0 = 3*m + 7 + h. Let k(f) = f**2 - 2*f - 2. What is k(m)?
13
Suppose -s - 329 + 336 = 0. Let t(w) = -5*w - w + 7*w - 12. Give t(s).
-5
Let z(u) = 2*u - 2. Let a(i) = i - 4. Let q be a(9). Suppose k = 1, q*k - 19 + 4 = -5*s. Suppose -4*t + 4 = -s*t. What is z(t)?
2
Let s(k) be the first derivative of k**4/4 - 5*k**3/3 + k**2 - 7*k - 63. What is s(5)?
3
Let z(d) = d**3 + 4*d**2 + 4*d + 2. Let r(p) = -2*p + 30. Let a be r(0). Suppose -26*i + a*i + 16 = 0. Calculate z(i).
-14
Suppose -5*n - 3 = -2*l, 0*l - n = 3*l + 4. Let d be 1 - ((0 - l) + 1). Let i(j) be the second derivative of 3*j**3/2 + j**2/2 + j + 73. Calculate i(d).
-8
Let o(t) be the first derivative of t**2/2 + 10*t - 145. Determine o(-13).
-3
Let r(a) be the first derivative of -5*a**2/2 + a - 455. What is r(-7)?
36
Let v = 902 - 910. Let i(m) = m + 20. Give i(v).
12
Let t(m) be the first derivative of 0*m - 5 + 4/3*m**3 + 1/8*m**4 - m**2. Let q(s) be the second derivative of t(s). Give q(-6).
-10
Suppose -9*c - 1645 = -1627. Let i(a) = 4*a**2 + a - 2. What is i(c)?
12
Let m(f) be the third derivative of f**4/8 + f**3/2 + 18*f**2 + 2. Let x(r) = -r**3 - r**2 + 9. Let t be x(0). Suppose -2*b = -1 + t. Determine m(b).
-9
Let b = 56 - 35. Let y = b + -15. Let i(k) be the first derivative of k**4/4 - 5*k**3/3 - 3*k**2 - 7*k - 1. Give i(y).
-7
Let g(c) = -41 + 148 - 35 - 32 - 36 + 2*c. Determine g(-4).
-4
Let q(z) be the first derivative of z**3 + 2*z**2 - z + 700. Give q(-4).
31
Let i(u) = 4*u**2 - u. Suppose -3 = 49*a - 50*a. What is i(a)?
33
Let n = -166 - -169. Suppose 4*j - 18 = 2*j. Suppose -b + n = -4*t, 3*b + 3*t - 3 = -j. Let q(o) = 5*o**3 - o - 1. Give q(b).
-5
Let t(u) be the second derivative of u**3/3 + 2*u**2 - 72*u. Determine t(-5).
-6
Let r(b) = -b**3 + 4*b**2 - 2. Let c be r(2). Suppose c*v = 2*v + 8. Let s be v - (-3 + (-2)/(-2)). Let u(h) = -h**2 + 5*h - 3. Give u(s).
1
Let b(w) = -w**2 - 5*w - 1. Suppose 2*g - 3*g = 0. Suppose 3*z = -v + z, g = 4*z - 4. Give b(v).
5
Let u(d) = -d + 1. Let n(t) = 3*t. Let i(j) = 3*n(j) + 4*u(j). Determine i(3).
19
Let t(c) = -c**3 - 4*c**2 + 4. Let g = 10 - 3. Let v = g + -7. Suppose -4*b + 20 = -l - v*l, l = -5*b + 16. Give t(l).
4
Let g(t) be the third derivative of -t**4/24 + 7*t**3/2 - 377*t**2. Calculate g(14).
7
Let r be 35/5 - 3 - 3. Suppose 2*z - r + 5 = 0. Let y(j) = -6*j - 3. Determine y(z).
9
Let u(p) be the first derivative of p**5/60 - 11*p**4/24 + 3*p**3/2 - 25*p**2/2 - 35. Let m(r) be the second derivative of u(r). Determine m(9).
-9
Let h(i) = -i**2 - i + 2. Let z = -19 + 37. Let w be 21/9*z/(-6). Let c be ((-8)/(-14))/((-2)/w). Determine h(c).
-4
Let s(y) = y**3 - 6*y**2 + 5*y + 6. Let n(t) = 5*t**2 + 47*t + 23. Let k be n(-9). Determine s(k).
6
Let f(l) be the third derivative of 6*l**2 + 0*l - 5/6*l**3 + 1/24*l**4 + 0. Give f(9).
4
Let c(x) = -x - 4. Let o be c(-5). Let l(b) be the third derivative of 4*b**2 + 0*b + 0 + 1/6*b**3 + 7/24*b**4. What is l(o)?
8
Let i(k) = -5*k**2 - 9*k + 4. Let m(j) = 4*j**2 + 8*j - 3. Let f = -5 + 9. Let w(z) = f*m(z) + 3*i(z). Determine w(-6).
6
Suppose 13 = 5*k - 22. Suppose k*n - 12 = 3*n. Let i(d) = -d + 2. Determine i(n).
-1
Suppose j - 2*r = r - 4, -8 = 3*j - 5*r. Let q be (j + 0)/(8 + 117/(-15)). Let z(p) = p + 7. Determine z(q).
2
Suppose 5*f = 2*d - 6*d - 4